e -150 = -6*o - 9*o. What is the highest common divisor of o and 90?
10
Let k(s) = -s**3 - 12*s**2 + 13*s + 17. Let i be k(-13). Calculate the highest common divisor of 136 and i.
17
Suppose 0 = 5*g + 9 - 29. Suppose -5*k - 35 + 5 = 0. Let t be (0 - 2)/(g/k). What is the highest common factor of 12 and t?
3
Let w(b) = -b**3 + 9*b**2 - 8*b - 7. Let q be w(7). Suppose 15*v = 13*v + 28. Calculate the greatest common divisor of q and v.
7
Suppose 3*y - 12 = 6*z - 3*z, -3*y + 10 = -2*z. Calculate the greatest common factor of y and 4.
2
Let q(z) = 3 + 0*z - 9*z**3 - z**2 + 8*z**3 - z. Let f be q(0). What is the highest common factor of f and 6?
3
Suppose 2*y + w = -16, -3*y + 12 = -7*y + 3*w. Let c be y/(((-12)/21)/2). What is the greatest common divisor of c and 189?
21
Let h = -20 + 28. Calculate the highest common factor of h and 8.
8
Let l(g) = -9*g**2 - 13*g + 5. Let z(a) = 5*a**2 + 6*a - 2. Let r(u) = -6*l(u) - 11*z(u). Let j be r(10). Calculate the highest common divisor of 60 and j.
12
Let y = 23 + -13. What is the greatest common divisor of y and 2?
2
Let a be 4/30 + 14497/285. Suppose k - 3*t = 20, -5*k + 5*t + 53 = -37. What is the greatest common factor of a and k?
17
Let x be (1 - 1) + (4 - 2). Suppose 0 = 2*z - 42 - x. Let t = z + -15. What is the highest common divisor of 7 and t?
7
Suppose -5*w - 2*p + 62 = 0, 7*w - 56 = 2*w + 4*p. Let l be (1 + -4)/(12/(-772)). Let y = l - 85. What is the highest common divisor of y and w?
12
Let q(i) = i**3 + 9*i**2 + 6*i + 12. Let r be q(-8). What is the greatest common divisor of r and 14?
14
Let v = -28 - -34. Suppose 7*b = 4*b + v. What is the greatest common divisor of b and 5?
1
Suppose -13 = 2*k - 3*c, -5*c + 29 = -0*k + 4*k. Let z = 0 - -1. Let r(l) = 10*l**2 - 1. Let i be r(z). Calculate the greatest common factor of i and k.
1
Let g(w) = -w**3 - 29. Let a be g(0). Let r = a + 49. What is the greatest common factor of r and 60?
20
Suppose 5*s - 90 = -0. Suppose -8*d + 95 = -7*d + b, d - 5*b - 65 = 0. Calculate the greatest common factor of d and s.
18
Suppose 7*q - 126 = 5*q. Calculate the greatest common factor of q and 9.
9
Let y(k) = 16*k**3 - k. Let u be y(1). What is the highest common factor of 165 and u?
15
Suppose 3*m - 24 = -y, -2*y - 2*y - m = -118. Suppose 4*r - 4 = -0. Let s be 2 + (3 - (r + -71)). What is the highest common factor of s and y?
15
Let t be ((-333)/12)/((-12)/32). Suppose -3*y = -46 - t. What is the greatest common factor of y and 10?
10
Let d = -7 + 8. Suppose u + d = 3. Calculate the highest common factor of u and 10.
2
Let v(n) = -n + 17. Let i be v(8). Suppose -5 - 4 = 3*j. Let f be i/(j + (-21)/(-6)). Calculate the greatest common factor of f and 12.
6
Let o = -6 + 10. What is the highest common factor of 8 and o?
4
Let l = 12 - 10. Suppose -3*x = l*u - 4, -3*x - 2*u = 2*u + 4. What is the greatest common divisor of x and 4?
4
Suppose 0 = 4*o + 9 - 13. Suppose 0*y + 30 = 4*f + y, -5*f = 4*y - 43. What is the highest common divisor of o and f?
1
Let c = 10 - 17. Let k(i) be the second derivative of -i**3 + i**2 - i. Let l be k(c). What is the highest common divisor of l and 11?
11
Suppose 41 + 34 = 5*o. What is the greatest common divisor of o and 5?
5
Let d be (0 - -2) + -120 - 2. Let t = d + 246. What is the greatest common factor of t and 14?
14
Let o = 37 + -16. What is the highest common divisor of o and 147?
21
Let a = -3 + 4. Let i(z) = 66*z**3 - z + 1. Let q be i(a). Calculate the greatest common factor of 6 and q.
6
Suppose 3*w = -4*o - 12, -4*o = -4*w + 7 + 5. Suppose w = -2*h - 4*s + 64, 0 = -3*h + 7*h + 3*s - 103. Calculate the highest common factor of 88 and h.
22
Let t(l) = l**3 + 10*l**2 + 7*l - 5. Let c be t(-9). What is the highest common factor of 91 and c?
13
Suppose -27*k + 22*k + 280 = 0. Calculate the highest common factor of k and 7.
7
Suppose -4*k - 373 = 3*g + 279, -211 = g - 5*k. Let z = -97 + 25. Let h = z - g. What is the greatest common divisor of h and 16?
16
Let k(m) = -m**3 - 13*m**2 - 3*m - 21. Let f be k(-13). What is the highest common factor of f and 162?
18
Let o(y) = -y**3 - y**2 - y - 2. Let x be -1 - -1 - (-2 - -4). Let h be o(x). Let r be 5 + -2 - (2 - h). What is the highest common divisor of 45 and r?
5
Suppose 9*u + 11 = v + 4*u, 2*v - 14 = 2*u. Suppose 65 = v*b - b. Let x = -7 + b. What is the greatest common factor of x and 30?
6
Let a(o) be the third derivative of 0*o + 0 - 2/3*o**3 + 2*o**2 - 1/6*o**4. Let h be a(-4). What is the highest common divisor of h and 24?
12
Suppose -484 = -4*w + 2*w. Let n be 2/10 + (-436)/(-20). What is the greatest common factor of w and n?
22
Let o(j) = -j**2 - 4*j - 2. Let i be (-34)/10 - 2/(-5). Let g be o(i). Let k be 2 - g - (-7)/1. Calculate the greatest common factor of k and 8.
8
Let n = 53 - -11. Let l be (-58)/(-4) - 6/(-4). Calculate the highest common factor of l and n.
16
Let g(x) = 7*x + 3. Let n be g(3). Let w(z) = z**2 + 6*z + 5. Let h be (-116)/16 - (-2)/8. Let s be w(h). What is the greatest common divisor of s and n?
12
Let r = -5 - -3. Let n(g) = -6*g. Let x be n(r). Suppose 19*u + 480 = 24*u. What is the highest common factor of u and x?
12
Let u(j) = j + 5. Let z be u(0). Calculate the greatest common divisor of z and 20.
5
Let m(x) = -14*x. Let v(w) = -3*w. Let r(h) = -4*m(h) + 22*v(h). Let i be r(-2). What is the highest common factor of i and 4?
4
Let w(g) = 2*g + 6. Let p be w(5). What is the greatest common factor of p and 128?
16
Let m(u) = -81*u**3 + 2*u + 1. Suppose 4 = 3*d + 7. Let z be m(d). Let r(f) = -5*f + 1. Let g be r(-3). What is the greatest common factor of g and z?
16
Let m(z) = z**2 + 3*z + 3. Let b be m(-3). Let j be b*(0/(-1) - -1). Let x(f) = f**2 + 3. Let c be x(-3). Calculate the greatest common divisor of j and c.
3
Let h = 860 - -522. Suppose 2*r + h = 2*g, r + 3*r = -8. Suppose -4*q + 0*q + 699 = j, 4*q - g = -3*j. What is the highest common divisor of q and 16?
16
Suppose -5*u - 17 = -2*f - 0*f, -f = -u - 4. Let t be (u - 3)/3 + 32. Calculate the highest common factor of t and 15.
15
Let q(k) = -1. Let v(l) = -l**3 + 7*l**2 - l + 12. Let t(r) = 3*q(r) + v(r). Let x be t(7). Calculate the highest common divisor of 2 and x.
2
Suppose -5*o + 10 = 0, 5*t - t - 238 = 5*o. Calculate the greatest common factor of 31 and t.
31
Let k be 1 + (-15 - -1) + 0. Let j = -8 - k. Suppose j*t = -2*h + 18, 0*t + 2*t = 3*h - 8. Calculate the greatest common divisor of t and 8.
2
Let u(y) = -y**2 - 6*y + 4. Let t be u(-5). Let x be 4*(-2)/(5 - 1). Let d be 10/x*72/(-5). What is the highest common factor of d and t?
9
Suppose 0 = -3*r - 59 + 2. Let j = r + 10. Let w = j - -17. What is the highest common factor of w and 1?
1
Let g(h) = 2*h**2 - 5*h. Let l be g(4). Let y(i) = -13*i - 3. Let k be y(4). Let m = k - -151. Calculate the greatest common divisor of l and m.
12
Let d be (-3)/(-4) - (-6927)/12. Let c be 4/(-18) - d/(-9). Calculate the highest common factor of 8 and c.
8
Let d(w) = w**3 + 6*w**2 + w - 7. Let j be d(-5). What is the highest common divisor of 26 and j?
13
Suppose 5*k - 108 - 47 = 0. What is the greatest common factor of 341 and k?
31
Let w = 25 + -14. Let v = w + -5. Let z(k) = -k - 7. Let m be z(-13). Calculate the highest common divisor of m and v.
6
Suppose -2*c = -5*i - 65, 2*i + 32 = -0*c + c. Suppose -q = 3*q + 160. Let b = -20 - q. What is the greatest common divisor of c and b?
10
Suppose 3*u - 21 = 135. Calculate the greatest common divisor of u and 4.
4
Suppose -3*h - 121 = -529. Let f(n) = 25*n**2 + 2*n - 2. Let i be f(-2). Let c = h - i. Calculate the greatest common factor of 14 and c.
14
Let b = -60 + 88. Let z be (-74)/(-14) + (-4)/14. Suppose 2*r + 26 - 6 = 3*k, 40 = 5*k - z*r. What is the greatest common factor of k and b?
4
Suppose 17 = 4*r + 5. Suppose -r*i = 4*x - 7*i - 24, 0 = 2*i + 6. Suppose -x*s = s - 504. Calculate the greatest common divisor of s and 21.
21
Let k = -177 + 317. Suppose 322 + k = 2*i. What is the highest common factor of 21 and i?
21
Let u = 8 + -4. Let x be (-1434)/(-9)*6/u. Suppose 248 = h + 4*h + c, -5*h + x = -2*c. Calculate the greatest common divisor of 7 and h.
7
Suppose 167 = -2*d - 401. Let s be (-1)/(-4) + d/(-16). Suppose 2*y - 9 = -a, -4*y = 3*a - 7*y. What is the highest com